{"id":1596,"date":"2021-11-03T09:23:28","date_gmt":"2021-11-03T06:23:28","guid":{"rendered":"https:\/\/hctek.com.tr\/hctek\/?page_id=1596"},"modified":"2021-12-17T09:25:22","modified_gmt":"2021-12-17T06:25:22","slug":"cingi","status":"publish","type":"page","link":"https:\/\/hctek.com.tr\/?page_id=1596","title":{"rendered":"\u00c7INGI"},"content":{"rendered":"<div class=\"bt_bb_wrapper\"><section id=\"bt_bb_section69f1a295a2af9\" data-parallax=\"0.7\" data-parallax-offset=\"-100\" class=\"bt_bb_section bt_bb_top_spacing_extra_large bt_bb_bottom_spacing_large bt_bb_color_scheme_11 bt_bb_layout_boxed_1200 bt_bb_vertical_align_top bt_bb_parallax bt_bb_background_overlay_dark_gradient bt-dark-skin bt_bb_section_allow_content_outside\" ><div class=\"bt_bb_port\"><div class=\"bt_bb_cell\"><div class=\"bt_bb_cell_inner\"><div class=\"bt_bb_row_wrapper\"><div  class=\"bt_bb_row\" ><div  class=\"bt_bb_column col-xl-12 col-xs-12 col-sm-12 col-md-12 col-lg-12 bt_bb_align_left bt_bb_vertical_align_top bt_bb_padding_normal bt_bb_animation_fade_in bt_bb_animation_zoom_out animate\"  data-width=\"12\" data-bt-override-class=\"{}\"><div class=\"bt_bb_column_content\"><div class=\"bt_bb_column_content_inner\"><header class=\"bt_bb_headline bt_bb_dash_top bt_bb_size_large bt_bb_superheadline bt_bb_subheadline bt_bb_align_inherit\"><h1><span class=\"bt_bb_headline_superheadline\"><span>OTOMAT\u0130K NAMLU TEM\u0130ZLEME C\u0130HAZI<\/span><\/span><span class=\"bt_bb_headline_content\"><span>\u00c7INGI<span class=\"bt_bb_outline_text bt_bb_outline_text_align_left bt_bb_outline_text_size_400\"><span>\u00c7INGI - ONAT <\/span><\/span><\/span><\/span><\/h1><div class=\"bt_bb_headline_subheadline\">Yerli ve milli imkanlarla geli\u015ftirilen \u00c7\u0131ng\u0131 Otomatik Namlu Temizleme Cihaz\u0131, TSK\u2019n\u0131n namlu temizleme ve bak\u0131m ihtiyac\u0131n\u0131 gidermi\u015f olup, y\u00fcksek i\u015fg\u00fcc\u00fc ihtiyac\u0131 ve bak\u0131m s\u00fcrelerinin uzunlu\u011fu gibi geleneksel y\u00f6ntemlerin getirdi\u011fi lojistik problemleri sona erdirmi\u015ftir.<\/div><\/header><div class=\"bt_bb_separator bt_bb_top_spacing_10 bt_bb_border_style_none\"><\/div><div class=\"bt_bb_separator bt_bb_border_style_none\"><\/div><div class=\"bt_bb_separator bt_bb_border_style_none\"><\/div><div class=\"bt_bb_separator bt_bb_border_style_none\"><\/div><div class=\"bt_bb_separator bt_bb_border_style_none\"><\/div><div class=\"bt_bb_separator bt_bb_border_style_none\"><\/div><div class=\"bt_bb_button bt_bb_icon_position_left bt_bb_style_outline bt_bb_size_small bt_bb_width_inline bt_bb_shape_inherit bt_bb_align_inherit\" style=\";font-family:&#039;Alegreya SC&#039;\" data-bt-override-class=\"{&quot;bt_bb_size_&quot;:{&quot;current_class&quot;:&quot;bt_bb_size_small&quot;,&quot;xl&quot;:&quot;small&quot;},&quot;bt_bb_align_&quot;:{&quot;current_class&quot;:&quot;bt_bb_align_inherit&quot;,&quot;xl&quot;:&quot;inherit&quot;}}\"><a href=\"HTTPS:\/\/onatabc.com\" target=\"_blank\" class=\"bt_bb_link\" title=\"\u00c7INGI TANITIM SAYFASINA G\u0130T\"><span class=\"bt_bb_button_text\">\u00c7INGI TANITIM SAYFASINA G\u0130T<\/span><span  data-ico-construction=\"&#xf157;\" class=\"bt_bb_icon_holder\"><\/span><\/a><\/div><\/div><\/div><\/div><\/div><\/div><\/div><\/div><\/div><\/section><section id=\"bt_bb_section69f1a295a34f4\"  class=\"bt_bb_section bt_bb_layout_boxed_1200\" ><div class=\"bt_bb_port\"><div class=\"bt_bb_cell\"><div class=\"bt_bb_cell_inner\"><div class=\"bt_bb_row_wrapper\"><div  class=\"bt_bb_row\" ><div  class=\"bt_bb_column col-xl-12 col-xs-12 col-sm-12 col-md-12 col-lg-12 bt_bb_align_left bt_bb_vertical_align_top bt_bb_padding_normal\"  data-width=\"12\" data-bt-override-class=\"{}\"><div class=\"bt_bb_column_content\"><div class=\"bt_bb_column_content_inner\"><\/div><\/div><\/div><\/div><\/div><\/div><\/div><\/div><\/section><section id=\"bt_bb_section69f1a295a3c31\"  data-background_image_src=\"'https:\/\/hctek.com.tr\/wp-content\/uploads\/IMG_0288-scaled.jpg'\" class=\"bt_bb_section bt_bb_negative_margin_40 bt_bb_color_scheme_1 bt_bb_layout_boxed_1000 bt_bb_vertical_align_top btLazyLoadBackground bt_bb_background_image bt_bb_background_overlay_dark_gradient\" style=\"background-image:url(&#039;https:\/\/hctek.com.tr\/wp-content\/plugins\/bold-page-builder\/img\/blank.gif&#039;);\"><div class=\"bt_bb_port\"><div class=\"bt_bb_cell\"><div class=\"bt_bb_cell_inner\"><div class=\"bt_bb_row_wrapper bt_bb_row_width_boxed_1200 bt_bb_row_push_right bt_bb_content_wide\"><div  class=\"bt_bb_row bt_bb_column_gap_40\" ><div  class=\"bt_bb_column col-xl-12 col-xs-12 col-sm-12 col-md-12 col-lg-12 bt_bb_align_left bt_bb_vertical_align_top bt_bb_padding_normal bt_bb_animation_fade_in animate\"  data-width=\"12\" data-bt-override-class=\"{}\"><div class=\"bt_bb_column_content\"><div class=\"bt_bb_column_content_inner\"><header class=\"bt_bb_headline bt_bb_dash_top bt_bb_size_large bt_bb_superheadline bt_bb_subheadline bt_bb_align_inherit\"><h1><span class=\"bt_bb_headline_superheadline\"><span>otomatik namlu temizleme cihaz\u0131<\/span><\/span><span class=\"bt_bb_headline_content\"><span>\u00c7INGI HAKKINDA<span class=\"bt_bb_outline_text bt_bb_outline_text_align_inherit bt_bb_outline_text_size_inherit\"><span>OTOMAT\u0130K NAMLU TEM\u0130ZLEME C\u0130HAZI \u00c7INGI<\/span><\/span><\/span><\/span><\/h1><div class=\"bt_bb_headline_subheadline\">\u00c7\u0131ng\u0131 Otomatik Namlu Temizleme Cihaz\u0131 2017 y\u0131l\u0131nda, tamam\u0131 T\u00dcRK m\u00fchendisler taraf\u0131ndan, Ar-Ge \u00e7al\u0131\u015fmalar\u0131na ba\u015flanm\u0131\u015f ve 2019 y\u0131l\u0131nda nihai \u00fcr\u00fcn haline gelmi\u015ftir. 2019 Nisan ay\u0131nda HCTEK SAVUNMA SANAY\u0130 A\u015e ile T.C. Cumhurba\u015fkanl\u0131\u011f\u0131 Savunma Sanayii Ba\u015fkanl\u0131\u011f\u0131 %100 i\u015ftiraki olan SSTEK Savunma Sanayi Teknolojileri A\u015e aras\u0131nda yap\u0131lan Tek Sat\u0131c\u0131l\u0131k S\u00f6zle\u015fmesine ba\u011fl\u0131 olarak \u201cSSTEK \u00c7INGI\u201d markas\u0131 ile seri \u00fcretimi yap\u0131lm\u0131\u015f ve 2019 y\u0131l\u0131nda yap\u0131lan IDEF\u201919 fuar\u0131nda tan\u0131t\u0131m\u0131 yap\u0131lm\u0131\u015ft\u0131r.<br \/>\r\n<br \/>\r\n2019 y\u0131l\u0131nda Haziran-Eyl\u00fcl aylar\u0131 aras\u0131nda TC Genelkurmay Ba\u015fkanl\u0131\u011f\u0131 talimat\u0131 ile \u00e7e\u015fitli birliklerde test ve denemeleri yap\u0131lan ve bu testlerden ba\u015far\u0131yla ge\u00e7en \u201cSSTEK \u00c7INGI\u201d Bar\u0131\u015f P\u0131nar\u0131 Harekat\u0131 ile T\u00dcRK S\u0130LAHLI KUVVETLER envanterinde \u00c7INGI155 ile yerini alm\u0131\u015ft\u0131r. T\u00fcm\u00fcyle T\u00fcrk m\u00fchendisler taraf\u0131ndan geli\u015ftirilen \u00c7\u0131ng\u0131 Otomatik Namlu Temizleme Cihaz\u0131, T\u00fcrk Patent taraf\u0131ndan, 2020-00943 sicil numaras\u0131 ile HCTEK Savunma Sanayi A\u015e uhdesinde tescillenmi\u015ftir. Ayr\u0131ca \u00c7\u0131ng\u0131 Otomatik Namlu Temizleme Cihaz\u0131\u2018na uluslararas\u0131 bir standart kazand\u0131r\u0131lmas\u0131 i\u00e7in, TRTEST TEST ve DE\u011eERLEND\u0130RME A\u015e taraf\u0131ndan y\u00f6netilen test s\u00fcre\u00e7lerinde MIL-STD 461F kapsam\u0131nda Elektromanyetik Testlere (EMI\/EMC) ve MIL-STD 810G kapsam\u0131nda \u00e7evresel testlere (Y\u00fcksek ve D\u00fc\u015f\u00fck S\u0131cakl\u0131k, Termal \u015eok, Ya\u011fmurlama, Titre\u015fim, Nem, Tuz Sisi, Buzlama\/ Donma, Toz ve Kum, Mantar) tabi tutulmu\u015ftur ve bu testleri ba\u015far\u0131 ile ge\u00e7mi\u015f olup belgelendirme s\u00fcreci tamamlanm\u0131\u015ft\u0131r. Yerli ve milli imkanlarla geli\u015ftirilen \u00c7\u0131ng\u0131 Otomatik Namlu Temizleme Cihaz\u0131, TSK\u2019n\u0131n namlu temizleme ve bak\u0131m ihtiyac\u0131n\u0131 gidermi\u015f olup, y\u00fcksek i\u015fg\u00fcc\u00fc ihtiyac\u0131 ve bak\u0131m s\u00fcrelerinin uzunlu\u011fu gibi geleneksel y\u00f6ntemlerin getirdi\u011fi lojistik problemleri sona erdirmi\u015ftir. Otomatik Namlu Temizleme Cihaz\u0131n\u0131n \u015fu an 76,105,120,122,127,155 ve 125 milimetre \u00e7aplar\u0131na sahip silah sistemleri i\u00e7in seri \u00fcretimine ba\u015flanm\u0131\u015ft\u0131r.<\/div><\/header><div class=\"bt_bb_separator bt_bb_bottom_spacing_80 bt_bb_border_style_none\"><\/div><div class=\"bt_bb_separator bt_bb_bottom_spacing_60 bt_bb_border_style_none\"><\/div><div class=\"bt_bb_separator bt_bb_bottom_spacing_40 bt_bb_border_style_none\"><\/div><div class=\"bt_bb_separator bt_bb_bottom_spacing_40 bt_bb_border_style_none bt_bb_hidden_md bt_bb_hidden_lg\"><\/div><\/div><\/div><\/div><\/div><\/div><\/div><\/div><\/div><\/section><\/div>","protected":false},"excerpt":{"rendered":"<p>Dynamically target high-payoff intellectual capital for customized technologies. Objectively integrate emerging core competencies before process-centric communities. Dramatically evisculate holistic innovation rather than client-centric data.<\/p>\n","protected":false},"author":1,"featured_media":0,"parent":0,"menu_order":0,"comment_status":"closed","ping_status":"closed","template":"","meta":[],"_links":{"self":[{"href":"https:\/\/hctek.com.tr\/index.php?rest_route=\/wp\/v2\/pages\/1596"}],"collection":[{"href":"https:\/\/hctek.com.tr\/index.php?rest_route=\/wp\/v2\/pages"}],"about":[{"href":"https:\/\/hctek.com.tr\/index.php?rest_route=\/wp\/v2\/types\/page"}],"author":[{"embeddable":true,"href":"https:\/\/hctek.com.tr\/index.php?rest_route=\/wp\/v2\/users\/1"}],"replies":[{"embeddable":true,"href":"https:\/\/hctek.com.tr\/index.php?rest_route=%2Fwp%2Fv2%2Fcomments&post=1596"}],"version-history":[{"count":14,"href":"https:\/\/hctek.com.tr\/index.php?rest_route=\/wp\/v2\/pages\/1596\/revisions"}],"predecessor-version":[{"id":1833,"href":"https:\/\/hctek.com.tr\/index.php?rest_route=\/wp\/v2\/pages\/1596\/revisions\/1833"}],"wp:attachment":[{"href":"https:\/\/hctek.com.tr\/index.php?rest_route=%2Fwp%2Fv2%2Fmedia&parent=1596"}],"curies":[{"name":"wp","href":"https:\/\/api.w.org\/{rel}","templated":true}]}}